 5*z**2 + 3*z + 4. Let u be v(-4). What are the prime factors of d(u)?
2, 3
Suppose 3*n + 3*l - 10 = 68, -4*l = -5*n + 103. List the prime factors of n.
23
Let h be -15*2*(-1 - 0). What are the prime factors of (2 - 0)/(4/h)?
3, 5
Suppose 2*g - 2*p = 19 + 9, 0 = -g - 5*p + 20. What are the prime factors of g?
3, 5
Suppose 0*j = 2*j - 28. Let y be (-3)/(1/(-4)*-3). Let h = j - y. List the prime factors of h.
2, 3
Let g = 10 - -2. Let u(o) = -o**3 + 3*o**2 + 4*o + 2. Let a be u(4). Suppose g = a*v + 2. List the prime factors of v.
5
Suppose g - k = -5*k + 5, -3*g + k - 24 = 0. Let n = 47 - 29. Let d = n + g. What are the prime factors of d?
11
Let z be ((-1)/2)/((-1)/(-50)). Let x = -13 - z. What are the prime factors of x?
2, 3
Suppose 2 - 27 = -5*i. Suppose -3*f - w - 2*w = -21, i*f - 3*w + 5 = 0. Suppose -5*r + 2 = f*h - 13, -4*r + 12 = 3*h. What are the prime factors of r?
3
Let v = -7 - 0. Let t(k) be the third derivative of -k**5/60 - 3*k**4/8 - 5*k**3/6 - k**2. What are the prime factors of t(v)?
3
Suppose 6 = 2*m - 0*m. Suppose -3*z - 102 = -m. Let c = 47 + z. List the prime factors of c.
2, 7
Suppose 5*d - 201 = -1. What are the prime factors of d?
2, 5
Suppose -r + 18 = -3*s, -4*r + 2*s = -109 - 13. Suppose -5*p = 4*t - 41, 2*t - 2*p - r = -7*p. List the prime factors of t.
2
What are the prime factors of (429*-2)/(-7 - -5)?
3, 11, 13
Suppose -5*i = -2*g + 21, -i - 5 = 3*g + 6. List the prime factors of ((-2)/(-4))/(g/(-20)).
5
Suppose -4*k = -3*o + 13, 0 = -2*k - 1 - 1. Let n = 22 + -14. Suppose -o*h - 70 = -n*h. List the prime factors of h.
2, 7
Suppose g + 1 - 2 = 0. Let m be -1 + 1 + 1 + g. Suppose -3*f + 60 = m*f. List the prime factors of f.
2, 3
Let k = -5 + 8. Let c = 8 + -7. Suppose 4*g = 5*x + 10, -k*x + 0*x = -g - c. List the prime factors of x.
2
Let r(i) = i**2 - 6*i + 3. Let k be r(6). Suppose 5*y - 100 = 5*w, -2*y - 4*w = -k*y + 29. List the prime factors of y.
17
Suppose 2*w - 8 = -k - 2, 5*w + 51 = 3*k. Suppose -1 = n - k. Suppose 0 = 6*o - n*o + 20. What are the prime factors of o?
2
Let f be -1 - ((0 - -40) + 0). Suppose 5*x - y + 145 = -0*y, -5*x + 4*y = 145. Let k = x - f. List the prime factors of k.
2, 3
Suppose -i + 5*i - 8 = 0. Suppose i*j - 62 = -5*w, -2*j + 58 = 5*w + j. List the prime factors of w.
2, 7
Suppose -15*f - k = -16*f + 308, 2*f = 5*k + 622. List the prime factors of f.
2, 3, 17
Let y = -6 - -33. Suppose 5*r = y + 28. List the prime factors of r.
11
Suppose -3*q - 9 + 48 = 0. Suppose 0*l = l - q. What are the prime factors of l?
13
Let x be (16/(-20))/((-2)/(-10)). Let n = x + -1. Let h = 7 - n. List the prime factors of h.
2, 3
Suppose 4*f + 75 = 3. Let u = f + 36. What are the prime factors of u?
2, 3
Suppose 0 = -3*m - 4*x + 376, m - 4*x - 87 = 33. What are the prime factors of m?
2, 31
Let j = 5 + -3. Suppose 3*n - 4*r + j - 58 = 0, 2*r + 58 = 4*n. What are the prime factors of n - (-1)/2*2?
13
Suppose 4*z - 3*b + b = 2, z + 2*b = 8. List the prime factors of (23/z)/((-5)/(-10)).
23
Let s be 18/(-81) - (-58)/18. Suppose t + 1 = s*q, 3*q - 6*q = -6. What are the prime factors of t?
5
Let p(x) = 4*x**3 + 4*x**2 + 2*x + 11. Let y(z) = -5*z**3 - 3*z**2 - 2*z - 12. Let t(n) = -4*p(n) - 3*y(n). List the prime factors of t(-7).
2, 3
Suppose p - 7 + 9 = 0. Suppose -k = -5*j - 93, -5*j + k = -2*k + 99. Let q = p - j. What are the prime factors of q?
2
Suppose -5*k = 4*w - 21, -4 = -4*w - 2*k + 14. Suppose 0 = -c + 3*c - 26. Let y = c + w. List the prime factors of y.
17
Let c(t) = t**3 + 3*t**2 + t. Let o be c(-2). Let d be 0 + 1 - (o + -2). What are the prime factors of 10/(-15)*(d - 10)?
2, 3
Let r(q) = -q**2 - 1. Let i(o) = -5*o**2 - 3*o + 2. Let y(f) = -i(f) + 3*r(f). List the prime factors of y(-4).
3, 5
Let x(i) = -i**3 - i**2 + 4. Let g(l) = -l**3 - 2*l**2 + 3. Let j(u) = -2*g(u) + 3*x(u). What are the prime factors of j(0)?
2, 3
Suppose 5*w - 220 - 260 = 0. List the prime factors of w.
2, 3
Let i be (-2)/6 - (-902)/6. What are the prime factors of (-2 + 0)/((-15)/i)?
2, 5
Suppose 5*r = 6 + 54. Suppose 6 = -b + 3. Let i = b + r. List the prime factors of i.
3
Let j = 131 + 100. What are the prime factors of j?
3, 7, 11
Let x be 8 + -7 + 2 + -1. Let q be 6*((-2)/(-4))/(-1). List the prime factors of x + (q - -6 - 2).
3
Let t(k) = -4*k - 8. What are the prime factors of t(-4)?
2
Suppose -3*a + 22 = -110. List the prime factors of a.
2, 11
Let r = 12 + -8. Suppose r*k = 28 + 16. List the prime factors of k.
11
Let p = 15 - 13. Suppose -p*x - 2*x = -40. List the prime factors of x.
2, 5
Let k = -25 + 45. Suppose -5*h = -h - k. Suppose 0 = 4*v - 2*i - 38, h*v - 46 = -0*i + 3*i. List the prime factors of v.
11
Let r = 94 - 26. Suppose r = 5*w - w. What are the prime factors of w?
17
Let h(w) = w**3 + 7*w**2 + 4*w - 5. Suppose 5*j = -2*n - 11, 1 = -3*n + 4*n - 4*j. Let c be ((-2)/(-2))/(n/18). List the prime factors of h(c).
7
Let h(y) be the third derivative of 5*y**4/24 + y**3/3 + y**2. Let i be h(4). Suppose -5*p = -3*t - 54, -2*p + t + i = -0*p. List the prime factors of p.
2, 3
Let o(k) = -5*k + 1. Let z be o(-1). Suppose 0 = g - z*g + 95. What are the prime factors of g?
19
List the prime factors of -5*((0 - -2) + (-288)/10).
2, 67
Suppose 0*t + 2*t + 3*m - 23 = 0, 4*m = 12. List the prime factors of t.
7
Suppose 4*f - 466 = -2*r, -f + 196 = r + 77. List the prime factors of f.
2, 3, 19
Let v = -4 - -3. Let h be (12 + v)/(-5 - -4). Let q = -7 - h. What are the prime factors of q?
2
Let i = 3 - 0. Suppose i*c + c - 60 = 0. What are the prime factors of c?
3, 5
Suppose 5*z - 385 = 5*n, -n + 284 = 4*z + 3*n. List the prime factors of z.
2, 37
Let c = 11 - 11. What are the prime factors of 11 + c + (4 - 1)?
2, 7
Let c(w) = -w**2 + 9*w - 10. Let d be 11/3 + (-6)/(-18). Let a be (-6)/(-9)*42/d. List the prime factors of c(a).
2
Let x(v) be the third derivative of v**4/24 + 6*v**3 - 8*v**2. What are the prime factors of x(0)?
2, 3
Let r = -34 - -39. List the prime factors of r.
5
Let v(n) = -n**3 + 7*n**2 + 2*n - 7 + n + 3*n. Let x be v(7). Suppose 0 = -5*j + x + 10. List the prime factors of j.
3
Suppose 3*c - 65 + 17 = 0. What are the prime factors of c?
2
Let y(v) be the first derivative of 2 + 1/3*v**3 + 1/2*v**2 + v. What are the prime factors of y(-2)?
3
What are the prime factors of (-364)/(-10) - (-8)/(-20)?
2, 3
Suppose -2*u = 3*u - 320. Suppose -4*h = -u - 16. What are the prime factors of h?
2, 5
Let j = -21 - -23. Suppose 4*v = -3*c + 134, -j*v = -c + 5*c - 172. What are the prime factors of c?
2, 3, 7
Let g be -4*2/(0 + -2). Suppose 8 = -2*p - 2*s, 3*p + s = 2*s + g. Suppose p = 6*k - k - 60. List the prime factors of k.
2, 3
Let l(c) be the first derivative of c**5/20 + c**4/12 - 2*c + 2. Let i(r) be the first derivative of l(r). What are the prime factors of i(2)?
2, 3
Let u(i) = -i**3 - 8*i**2 - 8*i + 5. Let t be u(-7). Suppose -f = f - t. List the prime factors of f.
2, 3
Suppose -n + 72 = 2*y, 4*y = 4*n - 2*n - 144. What are the prime factors of n?
2, 3
Suppose -n + 6*n - 3*a = 30, -14 = 2*n + 4*a. What are the prime factors of n*(-4 + (-76)/(-12))?
7
Let q(i) = i**3 - 2*i**2 - i + 2. Let z be q(-2). Let m be z/8 + 9/6. Suppose m = -3*j + 4*j - 2*g - 11, -2*j + 24 = -3*g. List the prime factors of j.
3, 5
Suppose a - 6*a = -3*q + 218, q + 3*a = 82. Suppose 5*l + q = 266. What are the prime factors of l?
2, 19
Let x be 3/(-12) + 97/4. Let t = x - 16. Let f = t - 6. List the prime factors of f.
2
What are the prime factors of (-5 + 52/(-8))*(-11 - 1)?
2, 3, 23
Let w be -6*2*3/(-4). Let u be (-195)/w + (-2)/6. Let r = -4 - u. List the prime factors of r.
2, 3
Let n = 168 - -116. List the prime factors of n.
2, 71
Suppose -4*f = -5*n + 23 - 76, 3*f + 5*n + 4 = 0. What are the prime factors of f?
7
Let q(t) = 2*t**3 - 5*t**2 + 3*t + 1. List the prime factors of q(5).
3, 47
Let v(a) = 7*a**3 - a**2 + 1. Suppose 2*m - 4*m = 2, 5*j + m - 4 = 0. Let c be v(j). Suppose 3*n = c*n - 44. List the prime factors of n.
11
What are the prime factors of 28 - -7 - (-2 + 0)?
37
Let z = -4 + 6. What are the prime factors of -2*(-4 - -3) + z?
2
What are the prime factors of (-4)/6*522/(-12)?
29
Let j be (-108)/(-8) - (-1)/(-2). Let c = j - 7. What are the prime factors of c?
2, 3
Let b(x) = 3*x**2 + 27